 35863 a prime number?
True
Is 140627 a composite number?
False
Is 30421 a prime number?
False
Is 117029 a composite number?
True
Is 228197 a composite number?
False
Is 78691 composite?
False
Is 2861 a prime number?
True
Is 22431 composite?
True
Is 6778 a composite number?
True
Is 8287 composite?
False
Is 1616522 a prime number?
False
Is 3593 composite?
False
Is 40646 a composite number?
True
Is 70283 a prime number?
False
Is 24889 composite?
False
Is 1031279 prime?
True
Is 245567 prime?
False
Is 227027 prime?
True
Is 15869 prime?
False
Is 37171 a composite number?
False
Is 475903 a prime number?
True
Is 524023 a composite number?
True
Is 23459 a prime number?
True
Is 103927 a prime number?
False
Is 553 composite?
True
Is 719981 a composite number?
False
Is 15859 prime?
True
Is 934411 a prime number?
False
Is 379837 prime?
True
Is 122327 composite?
False
Is 36397 a prime number?
False
Is 281131 prime?
True
Is 8059 a prime number?
True
Is 266131 composite?
True
Is 627369 composite?
True
Is 227686 composite?
True
Is 943 prime?
False
Is 6227 composite?
True
Is 222211 prime?
False
Is 18263 composite?
True
Is 19237 prime?
True
Is 17179 prime?
False
Is 684683 prime?
True
Is 191155 a prime number?
False
Is 54517 a prime number?
True
Is 5273 a composite number?
False
Is 294391 composite?
False
Is 13259 a prime number?
True
Is 46327 prime?
True
Is 194657 a prime number?
False
Is 1273663 a prime number?
True
Is 4367 composite?
True
Is 1153373 composite?
True
Is 71843 a prime number?
True
Is 447307 a composite number?
True
Is 4357 a prime number?
True
Is 13469 a composite number?
False
Is 380797 a composite number?
False
Is 297233 a composite number?
False
Is 910591 prime?
False
Is 1441 a composite number?
True
Is 74411 composite?
False
Is 318909 prime?
False
Is 1222219 a prime number?
True
Is 2261054 prime?
False
Is 145861 composite?
False
Is 17821 composite?
True
Is 3722 composite?
True
Is 4721 prime?
True
Is 331061 a prime number?
False
Is 11459 a prime number?
False
Is 6593 a prime number?
False
Is 625709 composite?
True
Is 156661 composite?
True
Is 25031 prime?
True
Is 1561 composite?
True
Is 3949 a composite number?
True
Is 11549 a prime number?
True
Is 374663 composite?
True
Is 113357 a composite number?
False
Is 1967219 a prime number?
False
Is 14642 a composite number?
True
Is 204101 prime?
True
Is 366259 a prime number?
True
Is 13207 a composite number?
True
Is 103063 a prime number?
False
Is 354455 a prime number?
False
Is 2408387 prime?
False
Is 8185 a prime number?
False
Is 161917 prime?
False
Is 73847 composite?
False
Is 35023 a composite number?
False
Is 35303 prime?
False
Is 196619 a composite number?
True
Is 35291 prime?
True
Is 13042 prime?
False
Is 277637 a prime number?
True
Is 567629 prime?
False
Is 71477 a composite number?
True
Is 209 prime?
False
Is 356703 a prime number?
False
Is 14954 composite?
True
Is 6467 composite?
True
Is 27473 a prime number?
False
Is 1385966 a prime number?
False
Is 44661 prime?
False
Is 25409 a composite number?
False
Is 4201 a prime number?
True
Is 3941 a prime number?
False
Is 2337693 composite?
True
Is 159287 prime?
True
Is 2724599 a prime number?
True
Is 8057 a composite number?
True
Is 91331 composite?
False
Is 22107 a prime number?
False
Is 253 prime?
False
Is 5639 a composite number?
False
Is 134011 prime?
False
Is 257369 a composite number?
True
Is 80447 prime?
True
Is 183089 prime?
True
Is 6017213 composite?
False
Is 37189 prime?
True
Is 2183 composite?
True
Is 219277 composite?
False
Is 92909 composite?
True
Is 3637 a composite number?
False
Is 51445 composite?
True
Is 1108267 a composite number?
False
Is 2719 prime?
True
Is 645233 composite?
False
Is 54183 a prime number?
False
Is 6995 a prime number?
False
Is 66083 a prime number?
True
Is 583727 a composite number?
False
Is 42611 a composite number?
False
Is 354727 prime?
True
Is 11383 composite?
False
Is 16979 a composite number?
False
Is 2159953 a composite number?
True
Is 510299 a prime number?
True
Is 32807 composite?
True
Is 11467 a prime number?
True
Is 4861 prime?
True
Is 30239 composite?
True
Is 270407 a composite number?
False
Is 259 a prime number?
False
Is 901247 composite?
False
Is 43069 prime?
False
Is 32543 a composite number?
True
Is 1271 a prime number?
False
Is 50459 a prime number?
True
Is 279683 a composite number?
True
Is 18433 a composite number?
False
Is 105991 prime?
False
Is 425591 composite?
False
Is 222659 a composite number?
False
Is 63739 a prime number?
False
Is 911 a prime number?
True
Is 16603 composite?
False
Is 2129 a composite number?
False
Is 51859 composite?
False
Is 59113 prime?
True
Is 33121 prime?
False
Is 133303 a composite number?
False
Is 864251 composite?
False
Is 10133 prime?
True
Is 187654 a prime number?
False
Is 1727669 composite?
False
Is 17377 a composite number?
False
Is 105331 a composite number?
False
Is 42263 prime?
False
Is 156115 a composite number?
True
Is 63443 composite?
False
Is 754081 prime?
True
Is 203069 a prime number?
False
Is 451 prime?
False
Is 85159 a composite number?
False
Is 65281 composite?
True
Is 1171567 prime?
False
Is 165959 a prime number?
False
Is 5261 a composite number?
False
Is 24646 a composite number?
True
Is 39497 composite?
True
Is 9753 prime?
False
Is 10903 prime?
True
Is 8747 a composite number?
False
Is 73397 prime?
False
Is 24439 a prime number?
True
Is 13207 a prime number?
False
Is 31661 a composite number?
True
Is 56083 prime?
False
Is 1389001 a composite number?
False
Is 6599 a prime number?
True
Is 13961 composite?
True
Is 121039 prime?
True
Is 24523 prime?
False
Is 185797 a prime number?
True
Is 7111 prime?
False
Is 6326 prime?
False
Is 193909 a composite number?
True
Is 469541 a prime number?
True
Is 68171 a composite number?
False
Is 1845019 a prime number?
False
Is 146477 a composite number?
False
Is 35671 a prime number?
True
Is 1811 prime?
True
Is 44909 a prime number?
True
Is 475765 prime?
False
Is 62533 a composite number?
False
Is 3131231 a composite number?
False
Is 4327 composite?
False
Is 37253 a composite number?
False
Is 478909 a composite number?
True
Is 2327935 a prime number?
False
Is 339033 a prime number?
False
Is 15395 a composite number?
True
Is 18742 a composite number?
True
Is 3761 composite?
False
Is 6077 prime?
False
Is 1559 composite?
False
Is 316685 a prime number?
False
Is 8691 prime?
False
Is 221783 composite?
True
Is 29047 prime?
False
Is 186377 composite?
False
Is 48071 a composite number?
True
Is 635 a composite number?
True
Is 270209 a composite number?
False
Is 102059 a composite number?
False
Is 242493 composite?
True
Is 158315 a prime number?
False
Is 292573 composite?
False
Is 3427 composite?
True
Is 105466 a prime number?
False
Is 9073 a composite number?
True
Is 31163 a composite number?
True
Is 7861 composite?
True
Is 563 a prime number?
True
Is 21403 a prime number?
False
Is 431183 a composite number?
True
Is 36169 a prime number?
False
Is 121267 composite?
False
Is 28895 a composite number?
True
Is 112019 a prime number?
True
Is 696181 a composite number?
False
Is 83761 composite?
False
Is 4569 a composite number?
True
Is 446863 a prime number?
True
Is 44683 prime?
True
Is 133573 prime?
False
Is 159383 composite?
True
Is 205969 composite?
True
Is 6247 a composite number?
False
Is 4931 prime?
True
Is 164767 a composite number?
False
Is 8819 a prime number?
True
Is 45179 composite?
False
Is 945031 a composite number?
False
Is 750961 a prime number?
True
Is 124277 prime?
True
Is 227081 a composite number?
False
Is 18419 a composite number?
True
Is 40739 a prime number?
True
Is 64023 a composite number?
True
Is 4337 a composite number?
False
Is 28277 prime?
True
Is 25535 a prime number?
False
Is 4061 prime?
False
Is 112061 composite?
False
Is 293827 a prime number?
True
Is 110671 prime?
False
Is 176179 prime?
True
Is 1469 prime?
False
Is 177737 composite?
True
Is 7603 a composite number?
False
Is 649039 composite?
False
Is 307859 composite?
False
Is 6247 prime?
True
Is 150313 prime?
False
Is 49597 prime?
True
Is 139 prime?
True
Is 47869 prime?
True
Is 25301 prime?
True
Is 47361 a prime number?
False
Is 45691 composite?
False
Is 594889 a composite number?
False
Is 772297 a composite number?
False
Is 136417 com